What is ((-2 - -11) + -7 - 0) + -12?
-10
Calculate -105 + 93 - (0 + -5).
-7
What is the value of 8 - (-12 + 4 + 3 - -13)?
0
What is (-1 - -3) + (0 - 0)?
2
Evaluate -1 + -2 - (3 - 2 - 3).
-1
Evaluate -4 + 12 + (-9 - 4).
-5
Evaluate 0 + 15 + (-5 - 6).
4
What is 4 - (2 + 2 + (1 - 2))?
1
Evaluate -2 + 4 + 0 + -5.
-3
What is the value of (3 - (1 + 0 - -6)) + 3?
-1
0 + -4 + 1 + -5
-8
Calculate -9 + 10 + 4 + -12.
-7
What is (9 - 7) + (2 - 7)?
-3
Evaluate 0 + 4 + 1 - (-7 - -19).
-7
What is 2 + (3 - 14) + (18 - 13)?
-4
Evaluate 1 - (-2 + (-3 - -4)).
2
Calculate 5 - (16 + -12 - 3).
4
Calculate -1 + (3 - 1) - (-2 + 7).
-4
What is 0 - (1 - 2) - 3?
-2
-5 + -1 + 3 - (-3 - 0)
0
-26 - -26 - (-2 - (0 - 2))
0
Evaluate -7 + 1 + (-2 - (-12 - 1)).
5
-5 + -1 - (25 - 33)
2
-16 + 7 + 0 - -4
-5
(5 - 0) + 14 + -16
3
What is -1 + -1 + 5 - (1 + 0)?
2
What is the value of -4 + -3 + 2 - -8?
3
What is -1 - (-9 - 3) - 7?
4
What is 0 + -3 + (3 - -3) + 2?
5
What is the value of 0 + -4 - (4 - (0 - -6))?
-2
Evaluate 0 - (-4 - -3) - 0.
1
-20 - -6 - -11 - -5
2
What is the value of (-3 - 0) + 2 + 2?
1
(7 - (10 - 5 - 3)) + -1
4
Calculate 1 + 4 + -6 + 7 + -1.
5
What is the value of -3 + 3 + 5 + -7 + 5?
3
Calculate -5 + (6 - 2 - 2) + -1.
-4
3 + 10 - 10 - 10
-7
What is the value of -4 + 6 + -2 - 1 - -6?
5
(0 - 14) + 5 + 10
1
Evaluate 0 + (1 - -1) - (11 - 9).
0
Calculate 9 + -12 + -8 + 3.
-8
Evaluate -20 + 6 + 9 + 1.
-4
Evaluate 3 + -6 + 1 + 4.
2
Calculate ((2 - -2) + -4 - -2) + 3.
5
Evaluate (0 - 8) + 13 + 0 + -12.
-7
Calculate (3 - 0) + (18 - 13).
8
Calculate 1 + (-1 - 8) + 5.
-3
What is the value of -2 + (1 - (2 + 2))?
-5
Calculate -7 - ((-4 - (-3 + 0)) + -3).
-3
0 + (5 - (8 + -4))
1
10 - 2 - (14 + -1)
-5
What is the value of 8 + 0 - (14 + -11)?
5
Evaluate 0 - -1 - (-16 + 19).
-2
2 + (-2 - 3) + (0 - -1)
-2
What is the value of 7 + 0 + (-2 - -4 - 7)?
2
What is the value of (51 - 44) + -7 + (-1 - -2)?
1
Evaluate -28 + 22 - (-8 + 0).
2
-1 - ((2 - 10) + 10)
-3
Evaluate -15 + (3 - -4) - -9.
1
Calculate (14 - 4) + (-19 - -10).
1
(0 - 1) + -4 + 7 + -4
-2
What is 5 + 7 + -10 + 0?
2
Calculate 0 - 4 - (-1 - 4).
1
(0 + -7 + 8 - 6) + -2
-7
Calculate (-16 - 4 - -9) + 7.
-4
Evaluate (2 - 6) + -2 - (6 - 7).
-5
0 + (0 - 0 - -2) + -7
-5
Evaluate 2 - 4 - 3 - (56 - 61).
0
Evaluate 0 + -3 + (7 - 3) - 2.
-1
14 + -2 + (-6 - (2 + -4))
8
What is the value of -2 + (4 - 2 - 4)?
-4
What is (4 - 2 - -2) + 1?
5
Calculate -1 + 11 - 16 - (3 + -1).
-8
Calculate 1 + (5 - 0) + -4.
2
2 - ((-5 - -3) + 1 - 2)
5
Evaluate 9 + 1 + (6 - 16) + 5.
5
Evaluate -2 + 2 - 6 - (46 - 50).
-2
Calculate -3 + -2 + -10 + 24.
9
Calculate 3 + (2 - -7) + -7.
5
0 + 1 - (-10 + 11)
0
-1 + -3 + (16 - 6)
6
Calculate 0 - -13 - (-151 - -160).
4
Evaluate (0 - 1) + (0 - 3) + 2.
-2
What is 1 - -1 - (-6 - -19 - 9)?
-2
What is (11 - 13) + (0 - 0 - -2)?
0
What is 4 - -2 - -4 - 6?
4
0 - (-1 + 0) - (-11 - -12)
0
What is (1 - -2) + -2 + (5 - 4)?
2
What is the value of 8 - (4 - (-3 - (-1 - 2)))?
4
Calculate 2 - (4 - (-2 + 2)).
-2
What is the value of (-4 - -4) + -5 + 3?
-2
11 + -16 - (-10 - -4)
1
Evaluate -1 + -10 - (7 - (14 + -1)).
-5
(-13 - -7) + 2 + 1
-3
Evaluate 5 - 9 - -9 - (-1 - -1).
5
Calculate (3 - 1) + (3 - (5 + -2)).
2
Calculate -5 + 2 + -3 - -9.
3
Evaluate -2 + 0 + (25 - 17).
6
(3 - (5 - 2) - 3) + -2
-5
What is (5 - 1) + 3 + -6?
1
Calculate -2 - (-1 + (-3 - -7 - 0)).
-5
Evaluate 1 + 6 + (-10 - (-5 + -1)).
3
What is -2 - ((7 - 15) + 10)?
-4
What is 5 + -11 + -1 - (1 + -5)?
-3
What is -4 - (1 - (-2 - -7))?
0
Evaluate -9 - (-4 - (2 + -2)).
-5
Calculate 2 - 5 - -1 - -3 - 1.
0
Calculate 8 - ((12 - 5) + -9).
10
Calculate (7 - 4) + -4 + -2.
-3
Calculate 7 + -2 - (-85 - -88).
2
Evaluate 4 + 0 - (-14 - (-5 - 8)).
5
Evaluate 6 - 1 - ((5 - -6) + -4).
-2
1 + (1 - 3) + -3 - 1
-5
What is 2 + (11 - 12) + 5?
6
What is the value of (0 + -6 - -7) + -4?
-3
What is the value of 3 + 9 + -3 - (4 - 0)?
5
What is the value of 0 + 0 - (1 + 1 - 2)?
0
Calculate -1 + 3 + -2 + 0 + 0.
0
What is the value of (-10 - -8) + -4 + 0 + 9?
3
Calculate -6 + 3 - -10 - 4.
3
(3 - 1) + (-26 - -18 - -3)
-3
What is the value of (1 - 6) + 1 + 3 + -1?
-2
What is the value of -1 - 0 - 2 - (-36 + 29)?
4
Evaluate 2 - (-2 - (-3 + 1)).
2
What is -1 - (-3 + -8 - (-1 + 0))?
9
What is the value of 11 + -12 - (-3 - 1)?
3
Evaluate 4 + (0 - (8 + (-9 - -4))).
1
What is 1 + (-1 - -2) + (48 - 52)?
-2
Calculate 7 + -2 + 2 + -5 + -4.
-2
Evaluate 0 - -6 - (45 + -35).
-4
What is -10 + 8 + 1 + 2?
1
17 + -14 - (-1 - -7)
-3
Calculate (-1 - (10 - 4)) + 3.
-4
What is -3 - 0 - (-1 + -3 + 1)?
0
5 - 5 - 3 - -3
0
Calculate -7 + 15 - -3 - 7.
4
Calculate (163 - 173) + 1 + 2.
-7
-1 + 0 + 3 + -1 - 4
-3
Calculate -1 - (6 - (4 + -2)).
-5
-4 - -4 - (-2 + (1 - -4))
-3
Evaluate -4 + 4 + -2 + -3.
-5
What is 0 - (-5 + (6 - -5) - 4)?
-2
Calculate 5 - -1 - (13 + -10) - 4.
-1
7 + (10 - 10) + -14
-7
7 + 0 + (-5 - -3) + 2
7
What is (-2 - (3 + -4)) + 3 + 2?
4
Evaluate 0 + 3 + (-4 - -6 - 6).
-1
Evaluate -5 - 0 - (-21 - -18).
-2
What is the value of -6 + (5 - (9 + -4))?
-6
Calculate 0 + -5 + -2 + 8.
1
Calculate -21 + 14 + -2 - -5.
-4
Evaluate -3 + 0 + (3 + 4 - 7).
-3
2 + 0 - (-7 + -2)
11
Evaluate 2 - (3 - (0 + 2)).
1
Calculate -1 + 3 + -2 + -2 + 7.
5
What is 5 - (7 + (6 - 12) + 15)?
-11
3 + (-1 - (12 - 2)) + 4
-4
27 - 18 - (9 - 1)
1
2 + (0 + -1 - 3) + -2
-4
What is the value of 2 + -1 + (-4 - -8) + -3?
2
What is -2 + (0 - -2) - -2?
2
What is -6 - (5 - 3) - -6?
-2
Evaluate -3 - (-5 - (1 + -2 + -1)).
0
Evaluate -11 - (-1 + 3 + -5) - -3.
-5
5 + -1 + 8 + -13
-1
What is the value of (-14 + 37 - 5) + -7?
11
What is the value of (-34 - -35) + -4 + 1?
-2
What is 4 - (-2 + (-3 - -6))?
3
Calculate (-6 - 5) + 4 - -8.
1
0 + 0 + -8 + 3
-5
What is the value of 1 - (-9 - (1 + -2)) - 1?
8
What is the value of -6 + -6 + (9 - -10)?
7
Calculate 2 + -3 - (3 - 1).
-3
What is the value of (5 + (-5 - -2) - 5) + 6?
3
8 - 4 - -7 - (2 - -2)
7
What is 5 + -1 - (1 - -5)?
-2
What is 5 + -5 + 7 - 9?
-2
What is the value of -1 + (1 - (6 - 5))?
-1
Calculate -7 + (17 + -6 - 13).
-9
What is the value of 5 - (3 + 4 + -3)?
1
What is the value of (1 - 6) + 3 + (-1 - 0)?
-3
1 + -4 - (1 - -1)
-5
Calculate 6 + -6 + 8 + 2 + -2.
8
Calculate -6 + -3 + 4 + 4.
-1
What is the value of -5 + (2 - 2) + 6 + -5?
-4
Calculate -22 - -30 - (12 - -1).
-5
What is -2 - (-6 + 0 + 5)?
-1
Calculate -10 + 7 + -3 - -10.
4
13 + -13 - (-4 - -3 - -2)
-1
Calculate 4 + (0 - (-3 - -7)).
0
What is the value of (-4 - (-3 - -5)) + 4?
-2
-5 - (-16 - (-1 + -5))
5
What is (4 - (-3 - -8)) + 2 + 3?
4
Calculate -4 + 16 - (2 - -5).
5
Evaluate 15 + -16 - (3 + -2 + 1).
-3
What is the value of -4 + -1 + -3 + (-2 - -5)?
-5
(-7 - 3 - (1 + -3)) + 3
-5
(6 - 3) + -6 + 3
0
What is the value of (58 - 53) + -7 + 1?
-1
What is 8 + 12 + -4 + -18?
-2
What is the value of 2 - (-2 + 3 + 0)?
1
What is (1 + -3 - -6 - 11) + 12?
5
What is (1 - 1) + (4 - (13 - 3))?
-6
Evaluate (-9 - -1 - -5) + 3 + 0.
0
What is 1 + (-8 + -4 - -5) + 0?
-6
12 + -9 + 4 + -8
-1
What is -2 + -6 + 6 + 4?
2
Evaluate (2 - 0) + 1 + -8 + 6.
1
Calculate (-6 - -6) + (3 - 2).
1
What is 2 + (-3 + -1 - -7)?
5
Calculate 0 + -10 + 1 + 10.
1
Calculate 4 + (-5 - -15) + -20.
-6
Evaluate (0 - 1) + (4 - -1).
4
Calculate 2 - 5 - -8 - (5 + -1).
1
Calculate (2 - -2 - (6 - -1)) + 4.
1
Calculate -30 - -21 - (1 + -10).
0
Evaluate 0 - ((8 - 11) + 5).
-2
-5 - (-10 - (6 - 9))
2
7 + -8 + -6 + 7
0
What is 4 + 5 + -2 + (0 - 4)?
3
What is -18 - -15 - (-2 - (0 - 0))?
-1
Evaluate -3 + -2 + (2 - (5 + -3)).
-5
What is -9 + 4 + (2 - 3) + 1?
-5
0 - -5 - (0 + (2 - 2))
5
Calculate 5 + 0 + (-16 - (-2 + -7)).
-2
8 + -2 + (0 - 7)
-1
Evaluate 12 - ((11 - 3) + -4 + 4).
4
Calculate 0 + 4 - (13 + 0 - 5).
-4
What is -4 + (3 + -3 - -3) + -1?
-2
Calculate -2 - -1 - -11 - (-84 - -85).
9
Calculate 1 + -10 + -10 + -9 + 23.
-5
What is the value of (-6 - (11 + -18)) + 0 + 5?
6
What is 0 + -5 - (-2 + 5) - -6?
-2
What is the value of 3 - (-2 - -4) - -1?
2
What is 1 + -4 + (7 - 0)?
4
Calculate 0 + (2 - (6 + -11)).
7
8 - 2 - (6 - 5)
5
Calculate (-25 - -22) + 0 + (-4 - -2).
-5
Calculate 0 - (7 - 15) - 0.
8
Evaluate -7 + (18 - (-8 + 17)).
2
What is 3 - (-2 + 2 + -1 + 2)?
2
What is the value of 10 + (-4 - 0) + -4 + 2?
4
2 - -2 - (-13 - -21)
-4
Evaluate (3 - 1) + 3 - (16 + -13).
2
Calculate (-9 - -8) + (0 - 0).